econd derivative of 191*x**4/6 - x**2/2 - 3*x. Let z be g(-1). Suppose 4*j - z = j. Is j a composite number?
False
Let d(v) = -v + 7. Let b be d(5). Suppose -b*x - 2*x = 0. Is 0 + 1*21 + x a composite number?
True
Let m be 8/20 + (-24)/10. Let i be ((-8)/m)/(2/19). Let q = i + -5. Is q composite?
True
Let s(o) = -o**2 - 5*o + 1. Let k be s(-5). Let q be (-1)/2 + k/2. Suppose q*j + 11 = j. Is j prime?
True
Let y(k) = 5*k**2 - 5*k - 1. Let m be (-10)/((-7)/((-14)/4)). Is y(m) a prime number?
True
Suppose -5*u - f + 21 = -2*f, 2*u - 4*f = 12. Suppose -8 = -u*l + 452. Is l prime?
False
Let p = -519 - -996. Let c = p + -87. Suppose -c = -4*g + 206. Is g composite?
False
Suppose 10 = 4*g - 2. Is (444/18)/(2/g) a prime number?
True
Let x = -15 - -21. Let d be (12/(-8))/(x/(-8)). Is (-1714)/(-18) + d/(-9) a composite number?
True
Let w be 1*-87*(-2)/2. Suppose -w + 27 = -4*j. Is j prime?
False
Let i = -463 + 324. Let a = -80 - i. Is a prime?
True
Let h be (4/(-3))/(6/(-9)). Let d(t) = h + 5 + 10*t + 2*t. Is d(7) a composite number?
True
Suppose -14124 = -11*z + 18865. Is z a prime number?
True
Is -1*(-1801 - (5 + -7)) prime?
False
Let c be 3 - 7 - (1 - 3). Is c/(-7) - 897/(-21) a prime number?
True
Suppose 135 = 2*g + 5*w, 5*g - 190 = 2*g + 5*w. Let a = 1 - -19. Let p = g + a. Is p a prime number?
False
Suppose -y + 681 = -10*m + 5*m, -5*y + 3*m = -3493. Is y a composite number?
False
Let j(h) = 22*h**2 - 5*h + 4. Is j(-7) a composite number?
False
Suppose -4*g + 3*y = 4*y - 31, 3*g - 25 = y. Let h = g + -29. Is (-47)/(-7) - 6/h a prime number?
True
Let q = 662 + -337. Let l = q + -74. Let t = l + -160. Is t prime?
False
Suppose -4*t - 4*c + 7012 = 0, -3*t + 2*t + 1753 = -3*c. Is t composite?
False
Let l be 7 + -4 - 1/1. Let o be 158*6*l/8. Suppose -d + o = 2*d. Is d composite?
False
Let s = 573 - -1060. Suppose -s + 367 = -6*n. Is n prime?
True
Let o be 295/35 + 9/(-21). Let h(p) be the third derivative of -p**6/120 + 2*p**5/15 + 7*p**4/24 + 3*p**3/2 + p**2. Is h(o) a composite number?
True
Let z = 84 + -150. Is ((-33)/9)/(2/z) a prime number?
False
Is (-3)/((-3)/32) - 1 composite?
False
Let l(h) = -18*h - 11. Is l(-8) a prime number?
False
Let t = 0 - 0. Suppose t = -3*r + 4*p - 5, -5*r + 16 = -p - 4. Suppose -2*u = -r*u + 165. Is u a prime number?
False
Is 0/4 - (469 + -2)*-1 prime?
True
Suppose 3*s - 19507 + 1940 = -4*m, 13177 = 3*m + 4*s. Is m prime?
True
Is 0 - (-4 + 5 - 1974) a prime number?
True
Is -1 + 4/(-16)*0 - -8796 composite?
True
Suppose -490 = -5*x - h - 4*h, 4*x = -5*h + 388. Suppose -y = -2*y + x. Suppose -y + 277 = 5*m. Is m composite?
True
Let g be (-3257)/(-7) + 8/(-28). Suppose -3*r + g = -654. Suppose 4*b - 223 = r. Is b prime?
True
Let m = 135 + -194. Suppose -k = -6*j + 8*j - 180, 5*k = -j + 72. Let c = m + j. Is c a prime number?
False
Let t = 4 - -4. Let o = t - 15. Let r(c) = c**3 + 10*c**2 + 9*c + 1. Is r(o) a composite number?
True
Suppose 0 = -v - 1 + 5. Suppose v*p - 2*p = 0. Suppose p = m - 24 + 3. Is m prime?
False
Let u = 198 - -133. Is u a prime number?
True
Suppose -3*z = 2*z - 150. Suppose -2*u + 344 = z. Is u a prime number?
True
Is (-3741)/(-15) + 8/(-20) prime?
False
Let k = -1963 - -2802. Is k composite?
False
Suppose 3*p + 251 = 5. Is (2*-5)/(4/p) a prime number?
False
Let o(k) = 25*k - 4. Let t be o(-3). Let x = t - -126. Is x a prime number?
True
Let v(y) be the second derivative of y**5/20 + 7*y**4/12 + y**3/2 + y. Is v(-5) a composite number?
True
Is 27117/21 + 1/7*-2 a composite number?
False
Suppose 0 = 6*a - 1810 - 776. Is a a prime number?
True
Suppose x - 3*c - 10 = -x, 4*c + 25 = 5*x. Suppose 4*b - 65 = 5*s, -s + 0*s = x*b + 13. Let g = 6 - s. Is g a prime number?
True
Let t = -3259 + 4572. Is t a prime number?
False
Suppose -2*w = 4*h - 110, 2*w + 0*h - 109 = -3*h. Is w a prime number?
True
Suppose -4*j + 313 = -w, 3*j - 2*w = 188 + 43. Is j composite?
False
Suppose 0 = i + 3*i - 6316. Is i prime?
True
Let v(m) = 12*m**2 - m + 1. Let d = 13 + -11. Is v(d) a prime number?
True
Let k(r) be the first derivative of 190*r**3/3 + 3*r**2/2 - 2*r + 2. Is k(1) composite?
False
Suppose 15 = z - 38. Is z a composite number?
False
Suppose -3*j = -53 - 40. Is j prime?
True
Let r = -46 + 82. Let a = r + -17. Is a a prime number?
True
Let x(r) = 2*r**2 + 2*r - 1. Let k be (6/3)/1 + -1. Is x(k) prime?
True
Let a(l) be the first derivative of -l**2/2 + 115*l + 1. Let u(f) = -f**2 - 5*f + 6. Let s be u(-6). Is a(s) composite?
True
Let g(o) = -100*o - 1. Is g(-3) a prime number?
False
Suppose -5*a = v - a - 315, 0 = 4*a + 12. Suppose -m = -4*m + v. Is m composite?
False
Let l(b) = -252*b**3 - 2*b**2 + 1. Let n be (-12)/3 - (-2 + -1). Is l(n) prime?
True
Let q be (-1)/(1 - 0) - -1. Suppose 0 = y - 4*x - 163, 2*y + 3*x - 8*x - 326 = q. Is y prime?
True
Let u = -1229 - -2182. Is u prime?
True
Let x(v) = v**3 - 2*v**2 - 3*v - 5. Is x(5) a prime number?
False
Let n(q) = -q + 3. Let p be n(6). Let g be 2/p - 8/(-3). Is (-1)/((4/(-38))/g) a prime number?
True
Let r be (-102)/5 + 10/25. Let z = r + 54. Is z composite?
True
Let z be 12/4 + (1558 - -3). Let l = 2273 - z. Is l composite?
False
Let z = -457 - -668. Is z prime?
True
Let n be 6/(-8)*16/2. Is 166/(5/((-15)/n)) a prime number?
True
Suppose 6*t - 9*t = 504. Let i = t - -257. Is i a composite number?
False
Let l(r) = r**3 + 6*r**2 + 7. Let v be l(-6). Is (v - -2)*4 + -1 a composite number?
True
Suppose 0 = 3*m - 2*m. Suppose -2*i + 5*i - 3 = m. Is (0 - 1) + 215 + i composite?
True
Let z(l) be the first derivative of l**3/3 - l**2 - 4*l - 3. Let w be z(-3). Suppose 3*m = 50 - w. Is m a prime number?
True
Let k(g) be the second derivative of g**5/120 + g**4/24 - g**3/3 + 4*g. Let w(n) be the second derivative of k(n). Is w(2) a prime number?
True
Is 0/(-2) + 678/6 a composite number?
False
Let c be 454/3 - (-6)/(-18). Suppose -5*k = -5*i - 225, -c = -4*k + k - i. Is k a prime number?
False
Let t be 5/10 - (-1390)/(-4). Let l = 534 + t. Is l prime?
False
Let d(s) = -s**3 - 6*s**2 - 2*s - 17. Is d(-7) a composite number?
True
Let s = 63 + 11. Suppose 0 = -0*a + 2*a - 4*q - 42, 0 = -2*a - 4*q + s. Let r = a + 4. Is r prime?
False
Suppose 135 + 247 = 2*l. Is l composite?
False
Let t(j) = -21*j + 14. Let y(i) = 10*i - 7. Let a(x) = 6*t(x) + 13*y(x). Let c = 23 + -16. Is a(c) a composite number?
True
Let f(p) be the second derivative of 191*p**4/12 - p**2 - 4*p. Let v be f(2). Suppose 0 = -2*t + v + 64. Is t a composite number?
True
Suppose -2*g + 3 = 11. Suppose i - 1 = 6. Let x = i + g. Is x composite?
False
Let z be 2/(-1 - 0)*-1. Let x(b) = 47*b + 2 + 0 - 1. Is x(z) prime?
False
Let o be (-30)/(-12)*(-324)/(-2). Let h = o + 114. Is h composite?
True
Suppose 0 = -4*v - 2537 - 851. Let t = -206 - v. Is t a composite number?
False
Suppose 147*z = 146*z + 373. Is z composite?
False
Let q(l) = 16*l - 23. Is q(7) prime?
True
Is (-5)/(-2)*(-3612)/(-70) composite?
True
Let g be (-12)/(-16) - 3/4. Suppose p + 4 = -g. Let i(l) = -2*l**3 - 4*l**2 + l - 1. Is i(p) prime?
True
Let o = -3 + 12. Let r = -7 + o. Suppose 0*j + 74 = r*j. Is j prime?
True
Let y(x) be the first derivative of -23*x**2/2 + x - 1. Let l be y(-4). Suppose -u = 5*n - 82, 3*n = 3*u - l - 171. Is u a prime number?
False
Is (1*-4)/4 + 66 prime?
False
Suppose -2*m + 15 + 5 = 0. Is 506/10 + 4/m a prime number?
False
Let t be 3 + (2 - (1 + 0)). Suppose 955 = n + t*n. Is n composite?
False
Suppose -2*r + 5*o - 403 + 1645 = 0, -5*r - o + 3051 = 0. Is r a prime number?
False
Let g be (1 - 2)/(2/6). Let i(c) = 17*c**2 + 2*c + 2. Let y be i(g). Suppose 3*a - 2*x = y, a - 2*x = 3*x + 28. Is a prime?
True
Suppose 0 = -4*z - 5*n + 1032, -n - 2*n = -z + 241. Let k = -181 + z. Suppose k = -3*h + 321. Is h composite?
False
Let j be (1 + 0)/((-1)/(-5)). Suppose i - 87 = 2*z, j*i + 5*z - 365 = z. Is i a composite number?
True
Let h(k) be the third derivative of k**5/120 + 257*k**4/24 + k**3/3 - 3*k**2. Let s(m) be the first derivative of h(m). Is s(0) a composite number?
False
Let a = 9403 - -2196. Is a a prime number?
False
Let g = 307 + -54. Is g prime?
False
Let s(o) = 49*o**2 + o + 1. Let v be (-7)/2*-2 + -2. Suppose 4*n = -n - v. Is s(n) a prime number?
False
Let a = -37 + 77. Suppose s + a = -3*s. Is 4/s + 577/5 a compos